{"id":62,"date":"2023-10-16T15:47:03","date_gmt":"2023-10-16T13:47:03","guid":{"rendered":"https:\/\/happiconseil.fr\/?page_id=62"},"modified":"2023-10-16T15:49:17","modified_gmt":"2023-10-16T13:49:17","slug":"accueil2","status":"publish","type":"page","link":"https:\/\/happiconseil.fr\/index.php\/accueil2\/","title":{"rendered":"Accueil2"},"content":{"rendered":"\n<div class=\"wp-block-cover has-custom-content-position is-position-bottom-center hidden\"><span aria-hidden=\"true\" class=\"wp-block-cover__background has-background-dim-70 has-background-dim\"><\/span><img loading=\"lazy\" decoding=\"async\" width=\"1024\" height=\"683\" class=\"wp-block-cover__image-background wp-image-20\" alt=\"\" src=\"https:\/\/happiconseil.fr\/wp-content\/uploads\/2023\/10\/que-semer-en-mars-1024x683-1.webp\" data-object-fit=\"cover\" srcset=\"https:\/\/happiconseil.fr\/wp-content\/uploads\/2023\/10\/que-semer-en-mars-1024x683-1.webp 1024w, https:\/\/happiconseil.fr\/wp-content\/uploads\/2023\/10\/que-semer-en-mars-1024x683-1-300x200.webp 300w, https:\/\/happiconseil.fr\/wp-content\/uploads\/2023\/10\/que-semer-en-mars-1024x683-1-768x512.webp 768w\" sizes=\"auto, (max-width: 1024px) 100vw, 1024px\" \/><div class=\"wp-block-cover__inner-container is-layout-flow wp-block-cover-is-layout-flow\">\n<h2 class=\"wp-block-heading has-text-align-center has-large-font-size\">Claire Blondet &#8211; Conseil en patrimoine<\/h2>\n\n\n\n<p class=\"has-text-align-center\" style=\"font-size:13px;font-style:italic;font-weight:100\">Construire un patrimoine, c&rsquo;est \u00e9quilibrer sur le long terme <\/p>\n\n\n\n<p class=\"has-text-align-center\" style=\"font-size:13px;font-style:italic;font-weight:100\">toutes les dimensions qui permettront son d\u00e9veloppement<\/p>\n\n\n\n<ul class=\"wp-block-list\">\n<li>Protection de la famille<\/li>\n\n\n\n<li>Cr\u00e9ation &amp; valorisation de patrimoine<\/li>\n\n\n\n<li>Fiscalit\u00e9<\/li>\n\n\n\n<li>Retraite<\/li>\n\n\n\n<li>Transmission du patrimoine<\/li>\n<\/ul>\n<\/div><\/div>\n\n\n\n<hr class=\"wp-block-separator has-text-color has-black-color has-alpha-channel-opacity has-black-background-color has-background is-style-wide\"\/>\n\n\n\n<div class=\"wp-block-cover is-light has-custom-content-position is-position-bottom-center\"><span aria-hidden=\"true\" class=\"wp-block-cover__background has-white-background-color has-background-dim-60 has-background-dim\"><\/span><img loading=\"lazy\" decoding=\"async\" width=\"1250\" height=\"550\" class=\"wp-block-cover__image-background wp-image-39\" alt=\"\" src=\"https:\/\/happiconseil.fr\/wp-content\/uploads\/2023\/10\/graine1.jpg\" data-object-fit=\"cover\" srcset=\"https:\/\/happiconseil.fr\/wp-content\/uploads\/2023\/10\/graine1.jpg 1250w, https:\/\/happiconseil.fr\/wp-content\/uploads\/2023\/10\/graine1-300x132.jpg 300w, https:\/\/happiconseil.fr\/wp-content\/uploads\/2023\/10\/graine1-1024x451.jpg 1024w, https:\/\/happiconseil.fr\/wp-content\/uploads\/2023\/10\/graine1-768x338.jpg 768w\" sizes=\"auto, (max-width: 1250px) 100vw, 1250px\" \/><div class=\"wp-block-cover__inner-container is-layout-flow wp-block-cover-is-layout-flow\">\n<h1 class=\"wp-block-heading has-text-align-center has-large-font-size\">Le conseil en patrimoine \u00e0 dimension humaine<\/h1>\n\n\n\n<p class=\"has-medium-font-size\">Je m\u2019appelle Claire BLONDET, Titulaire d\u2019un master en gestion de patrimoine et b\u00e9n\u00e9ficiant d\u2019une exp\u00e9rience de plus de 15 ans dans ce domaine, j\u2019ai d\u00e9cid\u00e9 de cr\u00e9er une soci\u00e9t\u00e9 \u00e0 mon image: Happiconseil.<\/p>\n\n\n\n<ul class=\"wp-block-list\">\n<li class=\"has-medium-font-size\">H comme Humanit\u00e9<\/li>\n\n\n\n<li class=\"has-medium-font-size\">A comme Accompagnement<\/li>\n\n\n\n<li class=\"has-medium-font-size\">P comme Patrimoine<\/li>\n\n\n\n<li class=\"has-medium-font-size\">P comme Pr\u00e9voyance<\/li>\n\n\n\n<li class=\"has-medium-font-size\">I comme Investissement<\/li>\n<\/ul>\n\n\n\n<p class=\"has-medium-font-size\">Dans le but d&rsquo;am\u00e9liorer mes connaissances en termes de relations humaines, j&rsquo;ai la certification de \u00ab&nbsp;Praticien en relation d&rsquo;aide&nbsp;\u00bb qui compl\u00e8te ma formation initiale de conseiller en gestion de patrimoine. Cette dimension suppl\u00e9mentaire me permet d&rsquo;\u00eatre plus \u00e0 l\u2019\u00e9coute des clients, de mieux comprendre leurs besoins, de les accompagner et de trouver les solutions ad\u00e9quates \u00e0 leurs probl\u00e9matiques patrimoniales, fiscales, successorales, de pr\u00e9voyance et de retraite\u2026<\/p>\n\n\n\n<p><\/p>\n<\/div><\/div>\n\n\n\n<div class=\"wp-block-group is-content-justification-center is-nowrap is-layout-flex wp-container-core-group-is-layout-94bc23d7 wp-block-group-is-layout-flex\">\n<div class=\"wp-block-columns is-layout-flex wp-container-core-columns-is-layout-9d6595d7 wp-block-columns-is-layout-flex\">\n<div class=\"wp-block-column is-vertically-aligned-center is-layout-flow wp-block-column-is-layout-flow\" style=\"flex-basis:20%\"><div class=\"wp-block-image\">\n<figure class=\"aligncenter size-full is-resized\"><img loading=\"lazy\" decoding=\"async\" width=\"410\" height=\"410\" src=\"https:\/\/happiconseil.fr\/wp-content\/uploads\/2023\/10\/petit-logo-happiconseilfavicon-clair.png\" alt=\"\" class=\"wp-image-51\" style=\"aspect-ratio:1;width:104px;height:auto\" srcset=\"https:\/\/happiconseil.fr\/wp-content\/uploads\/2023\/10\/petit-logo-happiconseilfavicon-clair.png 410w, https:\/\/happiconseil.fr\/wp-content\/uploads\/2023\/10\/petit-logo-happiconseilfavicon-clair-300x300.png 300w, https:\/\/happiconseil.fr\/wp-content\/uploads\/2023\/10\/petit-logo-happiconseilfavicon-clair-150x150.png 150w\" sizes=\"auto, (max-width: 410px) 100vw, 410px\" \/><\/figure>\n<\/div><\/div>\n\n\n\n<div class=\"wp-block-column is-vertically-aligned-center is-layout-flow wp-block-column-is-layout-flow\" style=\"flex-basis:80%\">\n<figure class=\"wp-block-pullquote\" style=\"border-style:none;border-width:0px;border-radius:0px\"><blockquote><p>Claire Blondet<br>Master en gestion de patrimoine<br>Praticien en relation d\u2019aide avec l\u2019Enneagramme<br><a href=\"mailto:cblondet@happiconseil.fr\">cblondet@happiconseil.fr<\/a><\/p><\/blockquote><\/figure>\n<\/div>\n<\/div>\n<\/div>\n","protected":false},"excerpt":{"rendered":"<p>Claire BlondetMaster en gestion de patrimoinePraticien en relation d\u2019aide avec l\u2019Enneagrammecblondet@happiconseil.fr<\/p>\n","protected":false},"author":1,"featured_media":0,"parent":0,"menu_order":0,"comment_status":"closed","ping_status":"closed","template":"","meta":{"footnotes":""},"class_list":["post-62","page","type-page","status-publish","hentry"],"_links":{"self":[{"href":"https:\/\/happiconseil.fr\/index.php\/wp-json\/wp\/v2\/pages\/62","targetHints":{"allow":["GET"]}}],"collection":[{"href":"https:\/\/happiconseil.fr\/index.php\/wp-json\/wp\/v2\/pages"}],"about":[{"href":"https:\/\/happiconseil.fr\/index.php\/wp-json\/wp\/v2\/types\/page"}],"author":[{"embeddable":true,"href":"https:\/\/happiconseil.fr\/index.php\/wp-json\/wp\/v2\/users\/1"}],"replies":[{"embeddable":true,"href":"https:\/\/happiconseil.fr\/index.php\/wp-json\/wp\/v2\/comments?post=62"}],"version-history":[{"count":3,"href":"https:\/\/happiconseil.fr\/index.php\/wp-json\/wp\/v2\/pages\/62\/revisions"}],"predecessor-version":[{"id":67,"href":"https:\/\/happiconseil.fr\/index.php\/wp-json\/wp\/v2\/pages\/62\/revisions\/67"}],"wp:attachment":[{"href":"https:\/\/happiconseil.fr\/index.php\/wp-json\/wp\/v2\/media?parent=62"}],"curies":[{"name":"wp","href":"https:\/\/api.w.org\/{rel}","templated":true}]}}